ppose 3*q = 33 + 15. What is the highest common divisor of q and 112?
16
Let m be (-2)/((3/13)/(-3)). Let l = 70 - m. What is the greatest common divisor of 66 and l?
22
Let r be (-14)/(-1) - (8/2)/(-2). What is the highest common factor of 16 and r?
16
Suppose 3*q + 2*i = 17, -2*q - 3*i + 6 = i. Calculate the highest common factor of q and 7.
7
Suppose -2*g + 162 + 26 = -5*t, -g - 3*t = -105. Suppose -5*j + 11 = -g. Let d = -10 + j. Calculate the greatest common divisor of 60 and d.
12
Suppose 3*k = 4*b + 18, -3*k + b = -6*k + 18. Calculate the greatest common divisor of 3 and k.
3
Let r(z) be the second derivative of 5/6*z**4 + z**2 + 1/20*z**5 + 1/2*z**3 + 4*z + 0. Let s be r(-7). Calculate the greatest common divisor of s and 16.
16
Suppose 12 = -0*v + v - 3*d, -5*v + 100 = 5*d. Suppose 3*q - 3*g = 7*q - 93, -g - v = -q. What is the greatest common factor of 231 and q?
21
Let x be (-12)/(-8)*(-170)/(-3). Calculate the greatest common divisor of x and 34.
17
Suppose -z = 3*f, -f = -5*z + 3*f + 19. Let g be 2 + (z + -5 - -2). What is the highest common factor of g and 18?
2
Suppose -b = 2*l - 3 - 3, -3*b + 8 = -4*l. Let a be 1 + -2 + -2 - -11. Calculate the highest common divisor of a and l.
1
Let g = -10 - 72. Let s = 157 + g. Suppose 0 = -2*j - 5*r + 45, -11 + 65 = 2*j + 2*r. Calculate the highest common divisor of j and s.
15
Let h be 1/(-3) + (-526)/(-3). Suppose -2*i - 49 = -c - 0*c, 4*i - h = -5*c. Suppose 6*k - 52 = 2*k. Calculate the greatest common divisor of k and c.
13
Suppose 2 - 14 = -3*o. Suppose 85 = 4*n - 5*b, -n - 2 = o*b + 3. Calculate the greatest common factor of 120 and n.
15
Let h = 11 + 3. What is the highest common factor of 14 and h?
14
Suppose 23 = -3*u + 74. Suppose 17 - 68 = -q. Calculate the highest common factor of q and u.
17
Let j(g) = -24*g. Let f = 5 + -2. Suppose -2 = 2*k + 5*w, -k + 5*k + 4 = -f*w. Let r be j(k). Calculate the greatest common factor of 120 and r.
24
Let a(n) = n**2 - 3*n + 5. Let j be a(7). Let o be -2 - (1 + (0 - j)). Calculate the greatest common factor of 75 and o.
15
Suppose 3*w = w + 40. Suppose -35 = -p + 4*c, -p + 5*c - w = -60. What is the greatest common factor of p and 15?
15
Suppose 3*r = 8*r - 2*o - 18, -r - 6 = 2*o. Suppose 0*g = r*g + 6. Let c = g + 6. What is the greatest common factor of c and 9?
3
Let g(q) = 3*q**2 - q + 2. Let v be g(-2). What is the greatest common factor of v and 24?
8
Let t = 13 - -2. Let g be 15/1*(-4)/6. Let b = 0 - g. What is the greatest common factor of t and b?
5
Let d(m) = 2*m**2 + 7*m + 4. Let w(y) = y + 2. Let a be w(-8). Let b be d(a). What is the greatest common divisor of 17 and b?
17
Let v(u) = u**3 + 2*u - 2. Let w be v(2). What is the highest common factor of 5 and w?
5
Let x = 7 - 67. Let k be 69/6*(-12 - -2). Let o = x - k. Calculate the highest common divisor of 22 and o.
11
Let p(s) = 4*s**2 + 4*s + 6. Let n be p(-3). Let v(c) = -c**3 - 3*c**2 - 1. Let h be v(-4). What is the highest common factor of h and n?
15
Let g be (-3)/((-8 + 3)/30). Calculate the highest common divisor of g and 36.
18
Let p(c) = -3*c + 4. Let v be p(-5). Let g = -4 + 23. What is the highest common factor of v and g?
19
Let p = 52 - -8. What is the greatest common divisor of 12 and p?
12
Let i = 5 + -2. Suppose i*p - 210 = 153. What is the highest common divisor of p and 11?
11
Let l = 35 + -19. Calculate the greatest common factor of 2 and l.
2
Let n(m) = -m**3 - 4*m**2 - 4*m - 4. Let d be n(-4). Let j be d/8*4/3. What is the highest common divisor of 2 and j?
2
Let f(d) = d**3 - 4*d**2 - 2*d. Let g be f(5). Suppose 24*k - 15*k = 45. What is the highest common factor of k and g?
5
Let n(t) = 9*t**2 - 7*t. Let v(l) = -8*l**2 + 6*l. Let k(w) = -4*n(w) - 5*v(w). Let s be k(2). Calculate the greatest common factor of 18 and s.
6
Let v = 12 - -78. What is the highest common divisor of 18 and v?
18
Suppose -20 + 2022 = 2*d - 2*r, -d + 1021 = -5*r. Let x be d/18 - (-4)/6. Calculate the greatest common factor of 14 and x.
14
Let v(a) = 3*a + 1. Let t be v(-6). Let u = 41 + t. Suppose -c + 63 = 3*j, 5*c - 338 = 2*j - 40. What is the greatest common divisor of u and c?
12
Let a(m) = m**2 + 7*m + 7. Let h(d) = d**3 - 6*d**2 - d - 2. Let s be h(6). Let f be a(s). Calculate the highest common factor of 3 and f.
3
Let z(n) = n**3 - 2*n**2 - 4*n - 3. Let p be z(4). Calculate the highest common divisor of p and 104.
13
Let c(q) = -q**2 - q + 1. Let o = -4 + 4. Let k be c(o). What is the highest common divisor of k and 9?
1
Let o be 18/15*10/4. Suppose -69 = o*q - 4*q. Let c = -33 + q. What is the highest common divisor of c and 9?
9
Suppose 5*y - h - 300 = 0, -2*h + 55 = -2*y + 175. Let z(v) = 3*v**2 + 6*v. Let b be z(-4). Calculate the highest common factor of b and y.
12
Suppose 2*r - 2*p + 2 = 30, 3*r = -p + 42. What is the greatest common divisor of r and 21?
7
Suppose 46 = 6*g - 44. What is the highest common factor of 15 and g?
15
Let w be (-3)/(21/2) - (-9854)/91. Calculate the highest common factor of w and 36.
36
Let o = 14 - 10. Suppose 0 = -o*x + 2*x + 36. What is the highest common factor of x and 12?
6
Suppose 47*w - 192 = 41*w. What is the greatest common divisor of w and 8?
8
Let b = -140 - -179. Calculate the highest common divisor of 52 and b.
13
Let x(z) = z**2 + 3*z + 3. Let w be x(-3). What is the greatest common divisor of 15 and w?
3
Suppose -2*v - 2*v + 60 = 0. Calculate the greatest common factor of v and 3.
3
Let n(t) = 5*t**3 + t**2 - 2*t + 1. Let d be n(1). Suppose 27 = 3*c - 3. Calculate the highest common divisor of d and c.
5
Suppose 2*h + 0 = 6. What is the greatest common divisor of h and 9?
3
Suppose 5*t + l - 32 = 30, -3*l + 54 = 4*t. Calculate the highest common factor of 132 and t.
12
Let t(s) = s + 5. Let g be t(-4). Let o(r) = 8*r**2 + 2*r - 2. Let k be o(g). Calculate the highest common divisor of k and 72.
8
Let b(g) = 13*g**3 - 2*g**2 + g. Let j be b(1). Let z = -7 + j. Calculate the greatest common factor of z and 45.
5
Let g be 2/(-2) + (-24)/(-4). Suppose 3*k - 8 = -5*v, 2*v + 2 = 3*v + k. Let d be 5*(0 - (-2 + v)). Calculate the greatest common divisor of d and g.
5
Suppose -9 = -5*i + k, 2*i + 2*k + 10 = -k. Let x be i/(-2) - (-67)/2. Calculate the highest common divisor of 3 and x.
3
Suppose -3*t + 2 = -7. Suppose -6 + 1 = -3*k - 2*z, 0 = -3*k + t*z. Calculate the highest common factor of 11 and k.
1
Let s = 109 - 64. What is the highest common factor of 18 and s?
9
Let c be 2 - (2 + (-4 - 0)). Let q = 13 - c. Let p be (-27)/2*32/(-6). Calculate the highest common divisor of p and q.
9
Let f be 5/(-3) + (-946)/(-33). Calculate the greatest common factor of 27 and f.
27
Let q be 216/28 + 6 - (-4)/14. Let i = -109 - -165. What is the greatest common divisor of q and i?
14
Let g(k) = 3*k - 3. Let o be g(4). Suppose -30 = -w - o. What is the greatest common divisor of 147 and w?
21
Suppose -r - 81 = -5*y, -4 = 3*r - 1. What is the highest common factor of y and 224?
16
Let m be (5/(-2))/5*-16. Let j = 1 - -7. What is the highest common divisor of j and m?
8
Suppose 14*z = 471 + 1993. What is the highest common factor of 16 and z?
16
Let a(v) = v**2 + 9*v - 4. Let c be a(-10). Calculate the highest common factor of 30 and c.
6
Let i(a) = 6*a - 14. Let x be i(3). Calculate the highest common divisor of 8 and x.
4
Let i(k) = k**2 + 3*k - 8. Suppose -8 = 3*o + 7. Let z be i(o). Calculate the greatest common divisor of 12 and z.
2
Let j(r) = -r**3 + 4*r**2 + 2*r - 5. Let s be j(4). Let h = 96 - 69. Calculate the highest common divisor of s and h.
3
Let b be (4 - 23/5) + 43/5. Calculate the highest common divisor of b and 24.
8
Suppose 2*y - 4*c + 12 = 0, -2*c + 6 = 2*y - 0. Let k be (y + 7)/(0 - -1). What is the greatest common divisor of 1 and k?
1
Let t = -6 - -4. Let s be 0 + t + 4 + 10. What is the highest common divisor of 18 and s?
6
Let y(d) = 2*d - 2 + 2. Let i be y(4). Let v = 36 + -12. What is the highest common divisor of v and i?
8
Suppose 2*j + 3*x = 249, 0*x - x = 2*j - 259. What is the greatest common divisor of j and 12?
12
Let b(x) = -4*x + 2. Let w be b(-2). Suppose 2*p - 85 = -3*i, -3*p - 2*i = i - 135. What is the greatest common divisor of w and p?
10
Suppose -2*y - 2*x - 4 = 0, 3*y + 2*x + 13 = 6*x. Let k be 14